5
What is the greatest common divisor of 42823068 and 816?
204
Calculate the greatest common divisor of 2590022 and 52782.
926
What is the greatest common factor of 1608000 and 8160?
480
What is the greatest common divisor of 695706 and 906609?
2739
Calculate the highest common factor of 384 and 32705856.
192
Calculate the highest common factor of 21040 and 83923300.
5260
What is the highest common divisor of 14260842 and 69642?
1314
Calculate the highest common factor of 64 and 1493352.
8
What is the greatest common divisor of 12 and 534544068?
12
What is the highest common factor of 372 and 193004636?
124
What is the greatest common factor of 414 and 25823484?
18
Calculate the highest common factor of 1969443 and 1337.
7
Calculate the highest common divisor of 60818 and 110826.
94
Calculate the highest common divisor of 11016494 and 10.
2
Calculate the greatest common divisor of 22241695 and 238.
119
What is the greatest common factor of 8783635 and 4305?
1435
What is the greatest common factor of 945506315 and 65?
65
What is the highest common factor of 17559 and 11340?
9
Calculate the highest common factor of 15330 and 19409970.
2190
Calculate the highest common divisor of 45870568 and 16.
8
What is the highest common factor of 636076 and 532?
28
What is the greatest common factor of 22 and 349518?
2
Calculate the greatest common divisor of 43755 and 645.
15
Calculate the highest common factor of 662096 and 72.
8
What is the highest common factor of 24361370 and 55660?
2530
What is the highest common divisor of 46247560 and 20?
20
Calculate the highest common factor of 20482076 and 544.
68
What is the greatest common factor of 70 and 359105530?
70
What is the greatest common divisor of 1406 and 4301410?
38
What is the greatest common factor of 285 and 51121685?
95
Calculate the highest common factor of 9392357 and 2054.
13
Calculate the highest common divisor of 15 and 60003045.
15
Calculate the highest common divisor of 1833 and 209339.
13
What is the highest common divisor of 4094258032 and 328?
328
What is the greatest common factor of 306 and 11014572?
102
What is the highest common divisor of 3920 and 86590?
70
What is the highest common divisor of 154 and 6813576?
154
Calculate the highest common factor of 55247 and 528432.
101
Calculate the greatest common factor of 8 and 9098104.
8
Calculate the highest common divisor of 50446 and 4553898.
4586
What is the greatest common factor of 7048 and 218830709?
881
What is the greatest common factor of 26517462 and 3534?
186
What is the greatest common divisor of 58184 and 875361656?
8312
Calculate the greatest common factor of 1590 and 185166948.
318
What is the greatest common divisor of 2712 and 1032029?
113
What is the greatest common divisor of 3942 and 349086?
438
Calculate the greatest common divisor of 1083041 and 57405.
3827
What is the greatest common divisor of 4002 and 46897437?
2001
Calculate the greatest common divisor of 3004728 and 456.
24
Calculate the highest common divisor of 353846080 and 245.
35
Calculate the greatest common factor of 1631 and 10853839.
233
What is the greatest common divisor of 7612 and 9367604?
692
Calculate the highest common divisor of 1378344 and 12.
12
Calculate the highest common divisor of 177463 and 524359.
803
What is the greatest common factor of 116683 and 752080?
553
What is the greatest common divisor of 216104 and 18802?
238
What is the greatest common divisor of 55379440 and 22135?
1165
What is the highest common divisor of 6028 and 10781452?
44
Calculate the greatest common divisor of 512 and 3523328.
256
What is the greatest common factor of 77006878 and 208?
26
Calculate the highest common divisor of 9892937 and 558.
31
What is the greatest common factor of 54084 and 7740?
12
What is the highest common divisor of 685766 and 91676?
82
Calculate the highest common divisor of 1034 and 34277980.
22
What is the highest common divisor of 8955 and 121324131?
1791
Calculate the greatest common factor of 1797588 and 33567.
501
What is the greatest common divisor of 2928242 and 437?
19
What is the highest common divisor of 92554 and 847?
77
What is the highest common divisor of 1 and 20182454?
1
What is the highest common divisor of 8720 and 2982288?
16
What is the greatest common factor of 32076 and 5590134?
1782
What is the highest common factor of 195 and 13926180?
15
Calculate the greatest common factor of 21593810 and 1735.
1735
Calculate the greatest common divisor of 34125 and 31863.
39
What is the highest common divisor of 1552057 and 1040?
13
What is the highest common factor of 80968983 and 3?
3
What is the greatest common factor of 87076115 and 175?
35
What is the highest common factor of 660838 and 1066?
82
Calculate the greatest common divisor of 3448690 and 285.
95
Calculate the highest common factor of 296450 and 242506.
22
Calculate the greatest common factor of 679620 and 3928260.
2820
What is the greatest common factor of 1500 and 34282470?
30
Calculate the highest common divisor of 65177439 and 17.
17
What is the greatest common divisor of 45 and 323818515?
45
Calculate the greatest common factor of 8364459 and 204.
51
Calculate the highest common divisor of 6779500 and 933634.
3874
Calculate the greatest common factor of 119 and 12837499.
17
Calculate the highest common factor of 13396532 and 2324.
332
What is the highest common factor of 518976 and 5202?
306
Calculate the greatest common divisor of 5667238 and 12.
2
What is the highest common divisor of 4445 and 20615455?
35
Calculate the greatest common factor of 238 and 614618.
34
Calculate the highest common divisor of 74952 and 654789.
1041
What is the highest common divisor of 3528 and 1299333?
147
What is the greatest common factor of 36091034 and 1547?
119
What is the highest common divisor of 144 and 24960?
48
What is the highest common divisor of 30 and 72928090?
10
What is the greatest common divisor of 50 and 97374400?
50
Calculate the highest common divisor of 230012326 and 118.
118
Calculate the highest common divisor of 7890 and 331598290.
2630
Calculate the greatest common factor of 268419 and 131.
131
Calculate the highest common factor of 237168 and 4055184.
3888
What is the greatest common factor of 385 and 7666435?
35
What is the greatest common divisor of 915840 and 1280640?
1920
Calculate the highest common factor of 20171 and 447649.
23
Calculate the greatest common divisor of 78975 and 1332175.
325
What is the greatest common factor of 26016300 and 40?
20
What is the greatest common factor of 1111 and 136904894?
101
Calculate the greatest common divisor of 1008 and 1174224.
48
Calculate the greatest common divisor of 3668 and 3599288.
28
What is the greatest common factor of 158 and 98649828?
158
What is the highest common factor of 348 and 723930393?
87
What is the greatest common factor of 6942 and 792246?
78
Calculate the greatest common divisor of 52507654 and 5.
1
What is the greatest common divisor of 180180 and 2912?
364
What is the highest common divisor of 1432 and 249838?
2
What is the greatest common divisor of 22784 and 1087349312?
5696
Calculate the greatest common divisor of 6075 and 518485455.
1215
Calculate the greatest common factor of 1846894 and 112.
14
What is the highest common factor of 1633836646 and 22542?
7514
Calculate the highest common factor of 1682360 and 6287360.
12280
What is the greatest common factor of 621042 and 13558254?
6978
What is the greatest common factor of 517905 and 93330?
765
What is the greatest common divisor of 12 and 49967406?
6
What is the greatest common divisor of 17322 and 23191271?
2887
Calculate the highest common factor of 570 and 31660536.
114
What is the greatest common factor of 5512860 and 4612500?
7380
What is the greatest common divisor of 20033072 and 1768?
136
What is the highest common divisor of 2137448 and 13498?
794
What is the greatest common divisor of 580 and 924317?
29
What is the greatest common factor of 72 and 30276768?
24
What is the greatest common factor of 6077212 and 16064?
1004
Calculate the highest common factor of 5676 and 355047.
33
Calculate the highest common factor of 820 and 105706610.
410
What is the greatest common divisor of 35987931 and 56637?
1953
What is